 + 8 = -4. Suppose d*t = 3*t + 6. Suppose t*m = 4*m - 6. Let z(g) = -g**3 + 3*g**2 + g - 4. What is z(m)?
-1
Let a = 3 - 3. Let n(f) be the second derivative of 1/6*f**3 + 0*f**2 + a + f - 1/4*f**4. Determine n(-1).
-4
Let o = -13 - -16. Let v(a) = -3 - 4*a**3 - o*a**3 + 6*a**3 + 3*a. Determine v(2).
-5
Let h(d) be the first derivative of d**3/3 - d**2 + 4*d + 58. Let k(m) = 3*m**2 - m + 1. Let q be k(1). Determine h(q).
7
Let q(w) = -w**3 - 6*w**2 + 8*w + 7. Let m be q(-7). Suppose -2*f = -m*f. Let d(v) = -v**2 - v + 7. Determine d(f).
7
Let k(w) = 8*w**3 + 6*w**2 - w + 1. Let p(l) = l**2. Let t(g) = -k(g) + 5*p(g). Determine t(1).
-9
Suppose l - 6 = -3*t, -4 = -0*t - 2*t - 3*l. Let n(g) = -4 - 5 + t + 0 + g. What is n(3)?
-4
Let n(k) = 5*k + 2. Let w be (-18)/15 + (-28)/35. Calculate n(w).
-8
Let a(h) be the second derivative of 5*h - 1/6*h**3 + 1/2*h**2 + 0. Give a(-4).
5
Let h be 2 - 0 - (5 + -5). Suppose -6*c + 3*c = -21. Let d(r) = -r**2 - h + 0*r**2 + c*r - 3*r. Give d(3).
1
Let y be -2*(1/(-2) + 2). Let g(q) be the third derivative of 1/2*q**3 + 1/24*q**4 - 2*q**2 + 0*q + 0. Give g(y).
0
Let x(q) be the third derivative of q**6/360 - q**5/120 - q**4/24 - q**2. Let y(m) be the second derivative of x(m). Suppose u = 4*u + 9. Give y(u).
-7
Let v(w) = -5*w - 1. Let z(u) = u. Let j(c) = -v(c) - 2*z(c). Calculate j(-1).
-2
Let y(h) = h**2 - 5*h + 6. Let u = 1 - -4. Let r be (-3)/(12/(-88)) - 1. Suppose 5*f + 6 + 9 = u*w, -4*w - 5*f + r = 0. Calculate y(w).
2
Let f = -2 + 5. Let j = 0 + f. Let d(x) = -4*x**j + 4 + 0 + 3*x**3 + 4*x**2 - 3*x. Calculate d(3).
4
Let r(o) = o + 20. Let b be r(0). Suppose -20 = -3*j - 5*u, j - b = 4*j - 5*u. Let c = 2 + j. Let x(z) = z - 2. What is x(c)?
0
Let o(p) = -3*p**3 - 2*p - 3*p + 7*p**2 + 2*p**3. Give o(6).
6
Let o(r) be the third derivative of -r**6/120 + r**5/30 + r**4/6 + r**3/3 + 4*r**2. Determine o(-2).
10
Let o(i) = -1 + 3*i - 8*i + 3*i + 9*i**3. Let g = -65 - -64. Calculate o(g).
-8
Let d(i) be the third derivative of i**5/60 + i**4/6 + i**3/3 - 3*i**2. Let m(w) be the first derivative of d(w). Determine m(-4).
-4
Let l(h) = 9*h**2 - 2*h + 3. Let f(a) = 18*a**2 - 5*a + 7. Suppose 10 = -0*g - 2*g. Let q(o) = g*l(o) + 2*f(o). What is q(-1)?
-10
Let c(p) = 1 + 27*p**3 + p**2 - 28*p**3 - 2*p + 0*p. Calculate c(2).
-7
Let c(s) = -3*s + 6. Let v be c(3). Let q(u) = -u**3 - 5*u**2 - 4*u. Give q(v).
-6
Let u(a) = 5*a - 14. Let f(y) = 2*y - 5. Let d(s) = 11*f(s) - 4*u(s). What is d(-5)?
-9
Let u(c) be the second derivative of c**5/20 + c**4/6 - 5*c**3/6 - 3*c**2/2 - c. Let a be u(-3). Let w(f) = 6*f + 13 - 4*f - 11 - f**2. What is w(a)?
-1
Let h(j) be the third derivative of -j**4/24 - 2*j**2. Let y(q) = -q. Let o be y(-2). Let b be 1 + ((-6)/(-2) - o). Give h(b).
-2
Suppose 0*g - z = -3*g + 17, 2*g + 7 = -3*z. Suppose -7*u = -g*u. Suppose 2*j + 10 - 4 = u. Let h(b) = -b**2 - 4*b + 2. Give h(j).
5
Let b(w) be the first derivative of -1/2*w**2 - 7*w + 2*w**3 + 1/4*w**4 + 1. What is b(-6)?
-1
Let p(j) = 9*j**2 + 3*j**2 - 3*j**2 - 2 - 2*j**2 + 8*j. Let o(i) = 4*i**2 + 4*i - 1. Let z(k) = 5*o(k) - 3*p(k). What is z(-2)?
5
Let a(m) = -m**3 - 2*m**2 + 1. Let k(j) = -j + 1. Let s be k(3). Let c be a(s). Let w(i) = 2*i**2 - 2*i + 1. Calculate w(c).
1
Suppose 4 = 4*i + 4*j, i + 2*j = 3*i - 14. Let r(b) = b**2 - 2*b - 2. Determine r(i).
6
Let t(l) = 3*l**3 - 7*l**2 - 5*l - 6. Let i(b) = 13*b**3 - 29*b**2 - 19*b - 25. Let d(f) = 2*i(f) - 9*t(f). Let h be ((-120)/(-50))/(2/5). Give d(h).
10
Let m(c) = 2*c**2 + 10*c + 4. Let j(p) = 3*p**2 + 11*p + 3. Let h(f) = 3*j(f) - 4*m(f). Calculate h(6).
-13
Let l(o) be the third derivative of -o**5/120 - o**4/12 - o**3/2 - 4*o**2. Let r(w) be the first derivative of l(w). What is r(3)?
-5
Let f(g) be the second derivative of -1/2*g**2 + 0 - 13/6*g**3 + 7*g. Determine f(1).
-14
Let m(y) = 5*y - 4. Let j be 1*((-24)/(-4))/3. Suppose -j*z - 5*n + 2 = -4, 0 = -4*z + 3*n + 12. Give m(z).
11
Let i(x) be the first derivative of x**2/2 - x - 1. Give i(4).
3
Let f(v) be the third derivative of 13*v**6/120 - v**4/24 - v**3/6 + 4*v**2 + 9. Give f(-1).
-13
Let j(r) be the first derivative of -r**3/3 - 2*r**2 + 4*r - 54. Give j(-6).
-8
Suppose 2*t - 4*h - 26 = 0, 0 = t + t - 3*h - 22. Suppose -t*k = 7 + 8. Let a(m) = -m - 2. What is a(k)?
1
Let b be 28/(-42)*9/1. Let t(f) = 2*f - 2. What is t(b)?
-14
Let r(w) = -4*w - 6. Let m(o) = -13*o - 19. Let l(f) = -2*m(f) + 7*r(f). Let h(a) = a. Let z(c) = -3*h(c) - l(c). Let d = 8 + -3. Calculate z(d).
-1
Let v(c) = -c**2 + 4*c + 5. Let p be v(5). Let y = p + 3. Let m(t) = -2*t**3 + 4 - 4*t**y + 2*t**2 + 7*t**3. Calculate m(-3).
-5
Let d(z) = 3*z**2 - 5*z + 5. Let q(w) = 4*w**2 - 5*w + 5. Let x(g) = -5*d(g) + 4*q(g). What is x(-6)?
1
Let o(k) be the third derivative of k**4/24 + 11*k**3/6 + k**2. Let z(w) = -2*w - 23. Let s(l) = 13*o(l) + 6*z(l). Calculate s(-5).
0
Suppose 7 = -2*z + 1. Let q(y) = -y**2 - y. Let l(x) = 4*x**2 + 10*x + 6. Let o(d) = z*q(d) - l(d). Give o(-5).
4
Let z(c) be the first derivative of 2*c**3/3 + 4*c**2 - 2*c - 9. What is z(-6)?
22
Suppose -2*x - 3 = -x. Let f(o) = -2*o**2 + 10*o + 2. Let b(v) = -3*v**2 + 11*v + 1. Let l(i) = x*b(i) + 4*f(i). Suppose -2*q - 8 = 2. What is l(q)?
-5
Let p(a) = a**3 - 4*a**2 - 4*a - 4. Let r be p(5). Suppose 0*t = -t, r = q - 4*t. Let z(s) = 5*s**2 - s + 1. What is z(q)?
5
Let r be (-203)/42 + 5 + (-7)/6. Let o(j) = 5*j. Give o(r).
-5
Suppose -2*o = -4*a - 20, 3*a + 13 - 1 = 0. Let z(u) = -5*u + o*u + 3*u - 2*u. Give z(2).
-4
Let b(w) = -3*w. Suppose 4*c - 13 + 4 = -3*r, 4*r - 2*c - 34 = 0. Suppose 0 = 3*s - r + 10. Determine b(s).
3
Suppose 0 = 5*f - 23 + 53. Let y(x) be the second derivative of -x**5/20 - 7*x**4/12 - x**3 + 7*x**2/2 - x. Calculate y(f).
7
Suppose 5*b = 4*b. Let m = -1 - -3. Let p(o) = -o + 2 + 4 - 2 - o**m. Calculate p(b).
4
Suppose -5*r + 0*r = 10. Let w = -6 - -8. Let k(v) = -4*v + 1 + 3*v - 7*v**2 + 5*v**w. Give k(r).
-5
Let o(f) be the second derivative of 5*f**4/6 + f**3/6 - 8*f. Let x be (0 + 2)*(-2)/4. Calculate o(x).
9
Let c(m) = m**2 + 6*m - 2. Let p(u) be the third derivative of -u**5/60 - u**4/6 + 2*u**2. Suppose 0 = -0*f + 4*f + 20. Let b be p(f). Calculate c(b).
-7
Let f(y) = y**3 - 6*y**2 + 7*y - 7. Suppose -w - w + 4*z = -6, -5 = -5*z. What is f(w)?
3
Suppose -3*q + q + 3*i + 3 = 0, 0 = -4*q - 4*i + 36. Let j(a) = q - 2*a**3 + 4*a + a**3 - 5*a**2 - 14 - a. What is j(-6)?
10
Let g(u) = 3*u**3 - 3*u**2 - 2. Let f(x) = -2*x**3 + 2*x**2 + 1. Let r(w) = -5*f(w) - 3*g(w). Calculate r(2).
5
Let c(o) = -o**2 + 4*o + 6. Let a be c(6). Let i be -4*(27/a)/3. Suppose 0 = -2*g - 4 - i. Let k(f) = f**2 + 6*f + 1. Calculate k(g).
-4
Let n(d) be the third derivative of 0*d - 1/6*d**3 - 11/60*d**5 + 1/12*d**4 + 0 + 4*d**2. Let k be (-2)/(-9) - (-7)/9. What is n(k)?
-10
Let g(o) = -2*o**2 - 2*o - 5. Let h be (4/6)/((-5)/(-30)). Let f(b) = -b + 1. Let x(d) = h*f(d) + g(d). Determine x(-4).
-9
Suppose -9 = -25*w + 22*w. Let s(t) = -6*t + 2. Calculate s(w).
-16
Suppose -35 = -3*q + 4*c, 5*q - 4*c + c - 40 = 0. Let p(w) = w - 6. Calculate p(q).
-1
Suppose 3*w - 4*d - 10 = 0, -d + 26 = 2*w + 2*w. Let t(z) = -z**2 + 8*z - 4. What is t(w)?
8
Suppose 2*h = -5*j + 21, -4*j + 5*j - 15 = -4*h. Let w(l) = 0*l**3 - 5*l**3 + 3*l**h + l. Let r = 62 - 63. Give w(r).
1
Let o(q) = q. Let w(a) = -7*a. Let t(y) = -4*o(y) + w(y). What is t(1)?
-11
Suppose -2*j = 5*c - 26, 2*c = -4*j + 3 + 17. Suppose d = y + c*d - 14, -2*d = -8. Let l(u) be the first derivative of 3*u**2/2 - 3*u - 111. What is l(y)?
3
Let c(j) = -j**2 + 5*j + 5. Let a(x) = 3*x**2 - 15*x - 14. Let w(l) = 6*a(l) + 17*c(l). What is w(5)?
1
Let u(j) be the second derivative of j**5/20 - j**4/2 + j**3/2 - 9*j**2/2 - 9*j. Calculate u(6).
9
Let j(x) = x - 4. Let q be j(5). Suppose 4*z + 3*b + 1 = 7, 0 = -5*z - 3*b + 9. Let p = z + q. Let a(d) = -d**3 + 3*d**2 + 4*d - 3. Calculate a(p).
-3
Let h(n) be the second derivative of -n**4/24 - 2*n**3/3 - 3*n**2/2 + 2*n. Let q(r) be the first derivative of h(r). Determine q(0).
-4
Let b(k) = -k**3 - 5*k**2 - 4*k - 2. Suppose -4*i - 12 = 2*j, 5*i - 4*j = -15 - 0. What is b(i)?
-8
Let x(q) = -7*q**2 + 10. Let b(h) = 6*h**2 - 9. Let i(d) = 6*b(d) + 5*x(d). Suppose 3*s + 12 = 4*m, -19 = -3*s - 5*m 